{"id":390,"date":"2016-01-07T05:57:45","date_gmt":"2016-01-07T05:57:45","guid":{"rendered":"http:\/\/consulting.stylemixthemes.com\/?page_id=390"},"modified":"2024-10-02T16:13:16","modified_gmt":"2024-10-02T16:13:16","slug":"nossos-parceiros","status":"publish","type":"page","link":"https:\/\/monlarama.ao\/index.php\/company-overview\/nossos-parceiros\/","title":{"rendered":"Nossos parceiros"},"content":{"rendered":"<div class=\"wpb-content-wrapper\"><p>[vc_row css=&#8221;.vc_custom_1459506306543{margin-bottom: 100px !important;}&#8221;][vc_column width=&#8221;3\/4&#8243;][vc_row_inner css=&#8221;.vc_custom_1452152300724{margin-bottom: 46px !important;}&#8221;][vc_column_inner][stm_partner style=&#8221;style_2&#8243; title=&#8221;EGATE CLOUD SA&#8221; logo=&#8221;7436&#8243; description=&#8221;Empresa fundada em 2013, de nome EGATE CLOUD SERVICE S.A<br \/>\nVisando e acreditando sempre num futuro mais promissor.&#8221; link=&#8221;url:%23||&#8221; position=&#8221;CLOUD, COLOCATION E DATA CENTER<br \/>\nLuanda-Angola&#8221; css=&#8221;.vc_custom_1727693818960{margin-bottom: 50px !important;}&#8221;][stm_partner style=&#8221;style_2&#8243; title=&#8221;Kustos&#8221; logo=&#8221;7673&#8243; description=&#8221;Compreendemos as nuances do ambiente empresarial em Angola, garantindo solu\u00e7\u00f5es adaptadas \u00e0s exig\u00eancias locais, baseados nos nossos 13 anos de exist\u00eancia e experi\u00eancia profissional.&#8221; link=&#8221;url:%23||&#8221; position=&#8221;Contabilidade &#038; Fiscalidade, Lda<br \/>\nLuanda-Angola&#8221; css=&#8221;.vc_custom_1727885469615{margin-bottom: 50px !important;}&#8221;][stm_partner style=&#8221;style_2&#8243; title=&#8221;PrimoConta, Lda&#8221; logo=&#8221;7672&#8243; description=&#8221;Para liquida\u00e7\u00e3o e pagamento do Imposto Industrial \u00e9 obrigat\u00f3rio ter a contabilidade da sua empresa organizada! Organize o seu Neg\u00f3cio e evite problemas com o Fisco. Solicite agora o Seu Or\u00e7amento sem compromisso.&#8221; link=&#8221;url:%23||&#8221; position=&#8221;Contabilidade e Consultoria<br \/>\nLuanda-Angola&#8221; css=&#8221;.vc_custom_1727885165323{margin-bottom: 50px !important;}&#8221; img_size=&#8221;459&#215;459&#8243;][stm_partner style=&#8221;style_2&#8243; title=&#8221;SegContas&#8221; logo=&#8221;7674&#8243; description=&#8221;Somos uma empresa de direito angolano, especializada em Auditoria e Consultoria Financeira h\u00e1 mais de 12 anos.&#8221; link=&#8221;url:%23||&#8221; position=&#8221;Consultores e Auditores<br \/>\nLuanda-Angola&#8221; css=&#8221;.vc_custom_1727885534587{margin-bottom: 50px !important;}&#8221;][\/vc_column_inner][\/vc_row_inner][\/vc_column][vc_column width=&#8221;1\/4&#8243;][stm_sidebar sidebar=&#8221;311&#8243;][\/vc_column][\/vc_row][vc_row full_width=&#8221;stretch_row&#8221; css=&#8221;.vc_custom_1459505959648{margin-bottom: -60px !important;}&#8221; el_class=&#8221;third_bg_color&#8221;][vc_column][vc_cta h2=&#8221;Mais energia, maior responsabilidade e partilha de conhecimento&#8221; h2_font_container=&#8221;tag:h2|font_size:20px|text_align:left|color:%23ffffff|line_height:24px&#8221; h2_use_theme_fonts=&#8221;yes&#8221; shape=&#8221;square&#8221; style=&#8221;flat&#8221; add_button=&#8221;right&#8221; btn_title=&#8221;Contacte-nos&#8221; btn_style=&#8221;flat&#8221; btn_color=&#8221;theme_style_2&#8243; btn_size=&#8221;lg&#8221; btn_align=&#8221;right&#8221; btn_i_align=&#8221;right&#8221; btn_i_icon_fontawesome=&#8221;stm-circuit_big&#8221; use_custom_fonts_h2=&#8221;true&#8221; btn_add_icon=&#8221;true&#8221; btn_link=&#8221;url:https%3A%2F%2Fmonlarama.ao%2Findex.php%2Fcontacte-nos%2F&#8221; el_class=&#8221;third_bg_color&#8221; css=&#8221;.vc_custom_1696552701661{margin-bottom: 0px !important;}&#8221;][\/vc_cta][\/vc_column][\/vc_row]<\/p>\n<\/div>","protected":false},"excerpt":{"rendered":"<p>[vc_row css=&#8221;.vc_custom_1459506306543{margin-bottom: 100px !important;}&#8221;][vc_column width=&#8221;3\/4&#8243;][vc_row_inner css=&#8221;.vc_custom_1452152300724{margin-bottom: 46px !important;}&#8221;][vc_column_inner][stm_partner style=&#8221;style_2&#8243; title=&#8221;EGATE CLOUD SA&#8221; logo=&#8221;7436&#8243; description=&#8221;Empresa fundada em 2013, de nome EGATE CLOUD SERVICE S.A Visando e acreditando sempre num futuro mais promissor.&#8221; link=&#8221;url:%23||&#8221; position=&#8221;CLOUD, COLOCATION E DATA CENTER Luanda-Angola&#8221; css=&#8221;.vc_custom_1727693818960{margin-bottom: 50px !important;}&#8221;][stm_partner style=&#8221;style_2&#8243; title=&#8221;Kustos&#8221; logo=&#8221;7673&#8243; description=&#8221;Compreendemos as nuances do ambiente empresarial em Angola, garantindo solu\u00e7\u00f5es adaptadas<\/p>\n","protected":false},"author":1,"featured_media":0,"parent":6937,"menu_order":0,"comment_status":"closed","ping_status":"closed","template":"","meta":{"footnotes":""},"class_list":["post-390","page","type-page","status-publish","hentry"],"jetpack_sharing_enabled":true,"_links":{"self":[{"href":"https:\/\/monlarama.ao\/index.php\/wp-json\/wp\/v2\/pages\/390","targetHints":{"allow":["GET"]}}],"collection":[{"href":"https:\/\/monlarama.ao\/index.php\/wp-json\/wp\/v2\/pages"}],"about":[{"href":"https:\/\/monlarama.ao\/index.php\/wp-json\/wp\/v2\/types\/page"}],"author":[{"embeddable":true,"href":"https:\/\/monlarama.ao\/index.php\/wp-json\/wp\/v2\/users\/1"}],"replies":[{"embeddable":true,"href":"https:\/\/monlarama.ao\/index.php\/wp-json\/wp\/v2\/comments?post=390"}],"version-history":[{"count":10,"href":"https:\/\/monlarama.ao\/index.php\/wp-json\/wp\/v2\/pages\/390\/revisions"}],"predecessor-version":[{"id":7675,"href":"https:\/\/monlarama.ao\/index.php\/wp-json\/wp\/v2\/pages\/390\/revisions\/7675"}],"up":[{"embeddable":true,"href":"https:\/\/monlarama.ao\/index.php\/wp-json\/wp\/v2\/pages\/6937"}],"wp:attachment":[{"href":"https:\/\/monlarama.ao\/index.php\/wp-json\/wp\/v2\/media?parent=390"}],"curies":[{"name":"wp","href":"https:\/\/api.w.org\/{rel}","templated":true}]}}