{"id":7357,"date":"2023-10-05T18:31:03","date_gmt":"2023-10-05T18:31:03","guid":{"rendered":"https:\/\/monlarama.ao\/?page_id=7357"},"modified":"2024-10-02T10:01:34","modified_gmt":"2024-10-02T10:01:34","slug":"petroleos-e-energia","status":"publish","type":"page","link":"https:\/\/monlarama.ao\/index.php\/petroleos-e-energia\/","title":{"rendered":"Petr\u00f3leos e G\u00e1s"},"content":{"rendered":"<div class=\"wpb-content-wrapper\"><p>[vc_row][vc_column width=&#8221;2\/3&#8243;][vc_column_text]A chave para o sucesso na execu\u00e7\u00e3o de projectos reside no planejamento inicial completo. A Mon Larama SA trabalha para orientar os clientes em todas as etapas de um projecto e, com sua abordagem \u00fanica ao processo modular de projecto e constru\u00e7\u00e3o, \u00e9 capaz de fornecer aos clientes uma solu\u00e7\u00e3o integrada de alto desempenho que permite um maior retorno sobre o capital investido, melhorando o processo e a\u00a0 produtividade, a qualidade do projecto, e acelerando a implenta\u00e7\u00e3o dos sistemas e das opera\u00e7\u00f5es.[\/vc_column_text][\/vc_column][vc_column width=&#8221;1\/3&#8243;][stm_spacing lg_spacing=&#8221;0&#8243; md_spacing=&#8221;0&#8243; sm_spacing=&#8221;0&#8243; xs_spacing=&#8221;30&#8243;][vc_single_image image=&#8221;7597&#8243; img_size=&#8221;full&#8221;][\/vc_column][\/vc_row][vc_row][vc_column][stm_spacing lg_spacing=&#8221;73&#8243; md_spacing=&#8221;70&#8243; sm_spacing=&#8221;70&#8243; xs_spacing=&#8221;60&#8243;][\/vc_column][\/vc_row][vc_row full_width=&#8221;stretch_row&#8221; css=&#8221;.vc_custom_1573722038433{background-color: #f2f4fa !important;}&#8221;][vc_column width=&#8221;1\/2&#8243;][stm_spacing lg_spacing=&#8221;90&#8243; md_spacing=&#8221;80&#8243; sm_spacing=&#8221;70&#8243; xs_spacing=&#8221;60&#8243;][vc_custom_heading text=&#8221;Consultoria Empresarial&#8221; use_theme_fonts=&#8221;yes&#8221;][vc_column_text]Na Mon Larama SA, estamos comprometidos em impulsionar o sucesso de empresas no din\u00e2mico e desafiador sector de Petr\u00f3leo e G\u00e1s. Com uma equipa de especialistas experientes e um profundo conhecimento da ind\u00fastria, oferecemos solu\u00e7\u00f5es personalizadas e estrat\u00e9gias inovadoras para enfrentar os desafios do sector.[\/vc_column_text][vc_column_text]<\/p>\n<ul>\n<li>Estrat\u00e9gia e Planejamento: Desenvolvimento de estrat\u00e9gias de neg\u00f3cios robustas e planos de ac\u00e7\u00e3o que impulsionem o crescimento e a sustentabilidade.<\/li>\n<li><\/li>\n<li>Gest\u00e3o de Riscos: Identifica\u00e7\u00e3o, avalia\u00e7\u00e3o e mitiga\u00e7\u00e3o de riscos operacionais, regulat\u00f3rios e de mercado para garantir a seguran\u00e7a e a estabilidade dos neg\u00f3cios.<\/li>\n<li><\/li>\n<li>Optimiza\u00e7\u00e3o Operacional: An\u00e1lise e melhoria de processos operacionais para aumentar a efici\u00eancia, reduzir custos e maximizar o desempenho.<\/li>\n<li><\/li>\n<li>Sustentabilidade e Responsabilidade Social Corporativa: Desenvolvimento e implementa\u00e7\u00e3o de estrat\u00e9gias de sustentabilidade ambiental e social que promovam o crescimento respons\u00e1vel e a reputa\u00e7\u00e3o positiva da empresa.<\/li>\n<li><\/li>\n<li>Desenvolvimento de Talentos: Recrutamento, treinamento e desenvolvimento de talentos para garantir uma equipa altamente qualificada e motivada.<\/li>\n<\/ul>\n<p>[\/vc_column_text][stm_spacing lg_spacing=&#8221;90&#8243; md_spacing=&#8221;80&#8243; sm_spacing=&#8221;70&#8243; xs_spacing=&#8221;60&#8243;][\/vc_column][vc_column width=&#8221;1\/2&#8243;][stm_spacing lg_spacing=&#8221;180&#8243; md_spacing=&#8221;160&#8243; sm_spacing=&#8221;150&#8243; xs_spacing=&#8221;0&#8243;][stm_charts design=&#8221;bar&#8221; values=&#8221;%5B%7B%22title%22%3A%22One%22%2C%22y_values%22%3A%2210%3B%2015%3B%2020%3B%2025%3B%2027%3B%2025%3B%2023%3B%2025%22%2C%22color%22%3A%22%23fcd800%22%7D%2C%7B%22title%22%3A%22Two%22%2C%22y_values%22%3A%2225%3B%2018%3B%2016%3B%2017%3B%2020%3B%2025%3B%2030%3B%2035%22%2C%22color%22%3A%22%23337633%22%7D%5D&#8221;][stm_spacing lg_spacing=&#8221;90&#8243; md_spacing=&#8221;80&#8243; sm_spacing=&#8221;70&#8243; xs_spacing=&#8221;60&#8243;][\/vc_column][\/vc_row][vc_row][vc_column][stm_spacing lg_spacing=&#8221;100&#8243; md_spacing=&#8221;80&#8243; sm_spacing=&#8221;70&#8243; xs_spacing=&#8221;60&#8243;][vc_custom_heading text=&#8221;Consultoria Especializada&#8221; font_container=&#8221;tag:h2|text_align:center&#8221; use_theme_fonts=&#8221;yes&#8221;][stm_spacing lg_spacing=&#8221;20&#8243; md_spacing=&#8221;15&#8243; sm_spacing=&#8221;10&#8243; xs_spacing=&#8221;10&#8243;][vc_row_inner][vc_column_inner width=&#8221;1\/3&#8243;][stm_icon_box icon=&#8221;far fa-chart-bar&#8221; style=&#8221;icon_left&#8221; icon_size=&#8221;21&#8243; icon_color=&#8221;custom&#8221; icon_bg_color=&#8221;custom&#8221; icon_width=&#8221;70&#8243; title=&#8221;Energia&#8221; icon_bg_color_custom=&#8221;#fcd800&#8243; icon_color_custom=&#8221;#000000&#8243;]Consultoria especializada em energia.[\/stm_icon_box][\/vc_column_inner][vc_column_inner width=&#8221;1\/3&#8243;][stm_icon_box icon=&#8221;fas fa-chart-bar&#8221; style=&#8221;icon_left&#8221; icon_size=&#8221;21&#8243; icon_color=&#8221;custom&#8221; icon_bg_color=&#8221;custom&#8221; icon_width=&#8221;70&#8243; title=&#8221;Petr\u00f3leo &amp; G\u00e1s Natural&#8221; icon_bg_color_custom=&#8221;#fcd800&#8243; icon_color_custom=&#8221;#000000&#8243;]Consultoria especializada em petr\u00f3leo e g\u00e1s natural.[\/stm_icon_box][\/vc_column_inner][vc_column_inner width=&#8221;1\/3&#8243;][stm_icon_box icon=&#8221;fas fa-chart-bar&#8221; style=&#8221;icon_left&#8221; icon_size=&#8221;21&#8243; icon_color=&#8221;custom&#8221; icon_bg_color=&#8221;custom&#8221; icon_width=&#8221;70&#8243; title=&#8221;Tecnol\u00f3gica&#8221; icon_bg_color_custom=&#8221;#fcd800&#8243; icon_color_custom=&#8221;#000000&#8243;]Consultoria especializada para a \u00e1rea tecnol\u00f3gica.[\/stm_icon_box][\/vc_column_inner][\/vc_row_inner][\/vc_column][\/vc_row][vc_row][vc_column][stm_spacing lg_spacing=&#8221;20&#8243; md_spacing=&#8221;15&#8243; sm_spacing=&#8221;10&#8243; xs_spacing=&#8221;10&#8243;][\/vc_column][\/vc_row][vc_row full_width=&#8221;stretch_row&#8221; el_class=&#8221;third_bg_color&#8221; css=&#8221;.vc_custom_1451889219674{margin-bottom: -60px !important;}&#8221;][vc_column][vc_cta h2=&#8221;Mais energia, maior responsabilidade e partilha de conhecimento&#8221; h2_font_container=&#8221;tag:h2|font_size:20px|text_align:left|color:%23f9f9f9|line_height:24px&#8221; h2_use_theme_fonts=&#8221;yes&#8221; shape=&#8221;square&#8221; style=&#8221;flat&#8221; add_button=&#8221;right&#8221; btn_title=&#8221;Consultoria&#8221; btn_style=&#8221;flat&#8221; btn_color=&#8221;theme_style_2&#8243; btn_align=&#8221;right&#8221; btn_i_align=&#8221;right&#8221; btn_i_icon_fontawesome=&#8221;stm-circuit_big&#8221; particles=&#8221;yes&#8221; use_custom_fonts_h2=&#8221;true&#8221; btn_button_block=&#8221;true&#8221; btn_add_icon=&#8221;true&#8221; el_class=&#8221;third_bg_color&#8221; css=&#8221;.vc_custom_1696376433578{margin-bottom: 0px !important;}&#8221;][\/vc_cta][\/vc_column][\/vc_row]<\/p>\n<\/div>","protected":false},"excerpt":{"rendered":"<p>[vc_row][vc_column width=&#8221;2\/3&#8243;][vc_column_text]A chave para o sucesso na execu\u00e7\u00e3o de projectos reside no planejamento inicial completo. A Mon Larama SA trabalha para orientar os clientes em todas as etapas de um projecto e, com sua abordagem \u00fanica ao processo modular de projecto e constru\u00e7\u00e3o, \u00e9 capaz de fornecer aos clientes uma solu\u00e7\u00e3o integrada de alto desempenho<\/p>\n","protected":false},"author":1,"featured_media":0,"parent":0,"menu_order":0,"comment_status":"closed","ping_status":"closed","template":"","meta":{"footnotes":""},"class_list":["post-7357","page","type-page","status-publish","hentry"],"jetpack_sharing_enabled":true,"_links":{"self":[{"href":"https:\/\/monlarama.ao\/index.php\/wp-json\/wp\/v2\/pages\/7357","targetHints":{"allow":["GET"]}}],"collection":[{"href":"https:\/\/monlarama.ao\/index.php\/wp-json\/wp\/v2\/pages"}],"about":[{"href":"https:\/\/monlarama.ao\/index.php\/wp-json\/wp\/v2\/types\/page"}],"author":[{"embeddable":true,"href":"https:\/\/monlarama.ao\/index.php\/wp-json\/wp\/v2\/users\/1"}],"replies":[{"embeddable":true,"href":"https:\/\/monlarama.ao\/index.php\/wp-json\/wp\/v2\/comments?post=7357"}],"version-history":[{"count":19,"href":"https:\/\/monlarama.ao\/index.php\/wp-json\/wp\/v2\/pages\/7357\/revisions"}],"predecessor-version":[{"id":7665,"href":"https:\/\/monlarama.ao\/index.php\/wp-json\/wp\/v2\/pages\/7357\/revisions\/7665"}],"wp:attachment":[{"href":"https:\/\/monlarama.ao\/index.php\/wp-json\/wp\/v2\/media?parent=7357"}],"curies":[{"name":"wp","href":"https:\/\/api.w.org\/{rel}","templated":true}]}}